{"id":46,"date":"2019-06-28T11:24:29","date_gmt":"2019-06-28T11:24:29","guid":{"rendered":"https:\/\/aprepro.org.br\/conbrepro\/2020\/?page_id=46"},"modified":"2021-07-02T14:47:41","modified_gmt":"2021-07-02T14:47:41","slug":"julgamento-de-artigo","status":"publish","type":"page","link":"https:\/\/aprepro.org.br\/conbrepro\/julgamento-de-artigo\/","title":{"rendered":"Julgamento de Artigo"},"content":{"rendered":"\t\t<div data-elementor-type=\"wp-page\" data-elementor-id=\"46\" class=\"elementor elementor-46\" data-elementor-post-type=\"page\">\n\t\t\t\t\t\t<section class=\"elementor-section elementor-top-section elementor-element elementor-element-1ac198c7 elementor-section-boxed elementor-section-height-default elementor-section-height-default\" data-id=\"1ac198c7\" data-element_type=\"section\">\n\t\t\t\t\t\t<div class=\"elementor-container elementor-column-gap-default\">\n\t\t\t\t\t<div class=\"elementor-column elementor-col-100 elementor-top-column elementor-element elementor-element-1cee9b47\" data-id=\"1cee9b47\" data-element_type=\"column\">\n\t\t\t<div class=\"elementor-widget-wrap elementor-element-populated\">\n\t\t\t\t\t\t<div class=\"elementor-element elementor-element-73ac42cc elementor-widget elementor-widget-text-editor\" data-id=\"73ac42cc\" data-element_type=\"widget\" data-widget_type=\"text-editor.default\">\n\t\t\t\t<div class=\"elementor-widget-container\">\n\t\t\t\t\t\t\t\t\t\n<p>A avalia\u00e7\u00e3o ser\u00e1 an\u00f4nima (blind review): os trabalhos ser\u00e3o examinados pelo Comit\u00ea Avaliador (REVISORES AD HOC) das respectivas \u00c1reas Tem\u00e1ticas. <br>\nO Comit\u00ea Avaliador (REVISORES AD HOC) s\u00f3 ter\u00e1 acesso aos artigos que vai avaliar, os quais s\u00e3o distribu\u00eddos automaticamente pelo sistema a dois avaliadores e ao terceiro quando for o caso. Ou seja, cada trabalho sendo avaliado por no m\u00ednimo dois professores e quando o parecer for diferente (um aprovado e um reprovado) ir\u00e1 para um terceiro professor avaliar, sendo que nenhum professor saber\u00e1 se \u00e9 a primeira, segunda ou terceira avalia\u00e7\u00e3o, deste modo se tem o sigilo e a imparcialidade nas avalia\u00e7\u00f5es. <br>\nSomente ser\u00e3o aceitos trabalhos com reda\u00e7\u00e3o e ortografia adequadas, pois a vers\u00e3o enviada ser\u00e1 definitiva. <br>\nSer\u00e3o aceitos trabalhos submetidos em portugu\u00eas, ingl\u00eas ou espanhol.<\/p>\n\n\n\n<p>O Comit\u00ea Avaliador (REVISORES AD HOC): <\/p>\n\n\n\n<ul class=\"wp-block-list\"><li>Julgar\u00e1 os trabalhos de acordo com as normas pr\u00e9-estabelecidas, em conson\u00e2ncia com as \u00e1reas, crit\u00e9rios para elabora\u00e7\u00e3o e qualidade do conte\u00fado e pesquisa do trabalho, limitando a sele\u00e7\u00e3o ao n\u00famero adequado para apresenta\u00e7\u00e3o no tempo dispon\u00edvel no Congresso;<\/li><li>N\u00e3o permutar\u00e1 trabalhos com outras \u00c1reas Tem\u00e1ticas;<\/li><li>Julgar\u00e1 somente os trabalhos que cumprirem as normas de formato e prazo; <\/li><li>N\u00e3o ser\u00e3o permitidas substitui\u00e7\u00f5es de trabalhos.<\/li><\/ul>\n\n\n\n<h3 class=\"wp-block-heading\">Importante: <\/h3>\n\n\n\n<p class=\"has-text-color has-background has-very-dark-gray-color has-very-light-gray-background-color\"><strong><em>&#8220;A Comiss\u00e3o Organizadora do evento n\u00e3o se responsabiliza por casos onde se configure pl\u00e1gio. Os autores s\u00e3o os \u00fanicos a serem responsabilizados pela infra\u00e7\u00e3o, podendo ser enquadrados no C\u00f3digo Penal em vigor, T\u00edtulo que trata dos Crimes Contra a Propriedade Intelectual, disp\u00f5e sobre o crime de viola\u00e7\u00e3o de direito autoral.&#8221;<\/em><\/strong><\/p>\n\t\t\t\t\t\t\t\t<\/div>\n\t\t\t\t<\/div>\n\t\t\t\t\t<\/div>\n\t\t<\/div>\n\t\t\t\t\t<\/div>\n\t\t<\/section>\n\t\t\t\t<\/div>\n\t\t","protected":false},"excerpt":{"rendered":"<p>A avalia\u00e7\u00e3o ser\u00e1 an\u00f4nima (blind review): os trabalhos ser\u00e3o examinados pelo Comit\u00ea Avaliador (REVISORES AD HOC) das respectivas \u00c1reas Tem\u00e1ticas. O Comit\u00ea Avaliador (REVISORES AD HOC) s\u00f3 ter\u00e1 acesso aos artigos que vai avaliar, os quais s\u00e3o distribu\u00eddos automaticamente pelo sistema a dois avaliadores e ao terceiro quando for o caso. Ou seja, cada trabalho &hellip;<\/p>\n<p class=\"read-more\"> <a class=\"\" href=\"https:\/\/aprepro.org.br\/conbrepro\/julgamento-de-artigo\/\"> <span class=\"screen-reader-text\">Julgamento de Artigo<\/span> Read More &raquo;<\/a><\/p>\n","protected":false},"author":1,"featured_media":0,"parent":0,"menu_order":0,"comment_status":"closed","ping_status":"closed","template":"","meta":{"pagelayer_contact_templates":[],"_pagelayer_content":"","_monsterinsights_skip_tracking":false,"_monsterinsights_sitenote_active":false,"_monsterinsights_sitenote_note":"","_monsterinsights_sitenote_category":0,"footnotes":""},"class_list":["post-46","page","type-page","status-publish","hentry"],"yoast_head":"<!-- This site is optimized with the Yoast SEO plugin v25.7 - https:\/\/yoast.com\/wordpress\/plugins\/seo\/ -->\n<title>Julgamento de Artigo - ConBRepro<\/title>\n<meta name=\"robots\" content=\"index, follow, max-snippet:-1, max-image-preview:large, max-video-preview:-1\" \/>\n<link rel=\"canonical\" href=\"https:\/\/aprepro.org.br\/conbrepro\/julgamento-de-artigo\/\" \/>\n<meta property=\"og:locale\" content=\"pt_BR\" \/>\n<meta property=\"og:type\" content=\"article\" \/>\n<meta property=\"og:title\" content=\"Julgamento de Artigo - ConBRepro\" \/>\n<meta property=\"og:description\" content=\"A avalia\u00e7\u00e3o ser\u00e1 an\u00f4nima (blind review): os trabalhos ser\u00e3o examinados pelo Comit\u00ea Avaliador (REVISORES AD HOC) das respectivas \u00c1reas Tem\u00e1ticas. O Comit\u00ea Avaliador (REVISORES AD HOC) s\u00f3 ter\u00e1 acesso aos artigos que vai avaliar, os quais s\u00e3o distribu\u00eddos automaticamente pelo sistema a dois avaliadores e ao terceiro quando for o caso. Ou seja, cada trabalho &hellip; Julgamento de Artigo Read More &raquo;\" \/>\n<meta property=\"og:url\" content=\"https:\/\/aprepro.org.br\/conbrepro\/julgamento-de-artigo\/\" \/>\n<meta property=\"og:site_name\" content=\"ConBRepro\" \/>\n<meta property=\"article:publisher\" content=\"https:\/\/www.facebook.com\/aprepro.conbrepro\/\" \/>\n<meta property=\"article:modified_time\" content=\"2021-07-02T14:47:41+00:00\" \/>\n<meta name=\"twitter:card\" content=\"summary_large_image\" \/>\n<meta name=\"twitter:label1\" content=\"Est. reading time\" \/>\n\t<meta name=\"twitter:data1\" content=\"1 minuto\" \/>\n<script type=\"application\/ld+json\" class=\"yoast-schema-graph\">{\"@context\":\"https:\/\/schema.org\",\"@graph\":[{\"@type\":\"WebPage\",\"@id\":\"https:\/\/aprepro.org.br\/conbrepro\/julgamento-de-artigo\/\",\"url\":\"https:\/\/aprepro.org.br\/conbrepro\/julgamento-de-artigo\/\",\"name\":\"Julgamento de Artigo - ConBRepro\",\"isPartOf\":{\"@id\":\"https:\/\/aprepro.org.br\/conbrepro\/#website\"},\"datePublished\":\"2019-06-28T11:24:29+00:00\",\"dateModified\":\"2021-07-02T14:47:41+00:00\",\"breadcrumb\":{\"@id\":\"https:\/\/aprepro.org.br\/conbrepro\/julgamento-de-artigo\/#breadcrumb\"},\"inLanguage\":\"pt-BR\",\"potentialAction\":[{\"@type\":\"ReadAction\",\"target\":[\"https:\/\/aprepro.org.br\/conbrepro\/julgamento-de-artigo\/\"]}]},{\"@type\":\"BreadcrumbList\",\"@id\":\"https:\/\/aprepro.org.br\/conbrepro\/julgamento-de-artigo\/#breadcrumb\",\"itemListElement\":[{\"@type\":\"ListItem\",\"position\":1,\"name\":\"Home\",\"item\":\"https:\/\/aprepro.org.br\/conbrepro\/\"},{\"@type\":\"ListItem\",\"position\":2,\"name\":\"Julgamento de Artigo\"}]},{\"@type\":\"WebSite\",\"@id\":\"https:\/\/aprepro.org.br\/conbrepro\/#website\",\"url\":\"https:\/\/aprepro.org.br\/conbrepro\/\",\"name\":\"ConBRepro\",\"description\":\"XV Congresso Brasileiro de Engenharia de Produ\u00e7\u00e3o\",\"publisher\":{\"@id\":\"https:\/\/aprepro.org.br\/conbrepro\/#organization\"},\"potentialAction\":[{\"@type\":\"SearchAction\",\"target\":{\"@type\":\"EntryPoint\",\"urlTemplate\":\"https:\/\/aprepro.org.br\/conbrepro\/?s={search_term_string}\"},\"query-input\":{\"@type\":\"PropertyValueSpecification\",\"valueRequired\":true,\"valueName\":\"search_term_string\"}}],\"inLanguage\":\"pt-BR\"},{\"@type\":\"Organization\",\"@id\":\"https:\/\/aprepro.org.br\/conbrepro\/#organization\",\"name\":\"CONBREPRO 2022 - XII Congresso Brasileiro de Engenharia de Produ\u00e7\u00e3o - \u201cESG nas Engenharias\u201d\",\"url\":\"https:\/\/aprepro.org.br\/conbrepro\/\",\"logo\":{\"@type\":\"ImageObject\",\"inLanguage\":\"pt-BR\",\"@id\":\"https:\/\/aprepro.org.br\/conbrepro\/#\/schema\/logo\/image\/\",\"url\":\"https:\/\/aprepro.org.br\/conbrepro\/wp-content\/uploads\/2022\/07\/XII_CONBREPRO_BANNER-3.jpg\",\"contentUrl\":\"https:\/\/aprepro.org.br\/conbrepro\/wp-content\/uploads\/2022\/07\/XII_CONBREPRO_BANNER-3.jpg\",\"width\":1200,\"height\":533,\"caption\":\"CONBREPRO 2022 - XII Congresso Brasileiro de Engenharia de Produ\u00e7\u00e3o - \u201cESG nas Engenharias\u201d\"},\"image\":{\"@id\":\"https:\/\/aprepro.org.br\/conbrepro\/#\/schema\/logo\/image\/\"},\"sameAs\":[\"https:\/\/www.facebook.com\/aprepro.conbrepro\/\"]}]}<\/script>\n<!-- \/ Yoast SEO plugin. -->","yoast_head_json":{"title":"Julgamento de Artigo - ConBRepro","robots":{"index":"index","follow":"follow","max-snippet":"max-snippet:-1","max-image-preview":"max-image-preview:large","max-video-preview":"max-video-preview:-1"},"canonical":"https:\/\/aprepro.org.br\/conbrepro\/julgamento-de-artigo\/","og_locale":"pt_BR","og_type":"article","og_title":"Julgamento de Artigo - ConBRepro","og_description":"A avalia\u00e7\u00e3o ser\u00e1 an\u00f4nima (blind review): os trabalhos ser\u00e3o examinados pelo Comit\u00ea Avaliador (REVISORES AD HOC) das respectivas \u00c1reas Tem\u00e1ticas. O Comit\u00ea Avaliador (REVISORES AD HOC) s\u00f3 ter\u00e1 acesso aos artigos que vai avaliar, os quais s\u00e3o distribu\u00eddos automaticamente pelo sistema a dois avaliadores e ao terceiro quando for o caso. Ou seja, cada trabalho &hellip; Julgamento de Artigo Read More &raquo;","og_url":"https:\/\/aprepro.org.br\/conbrepro\/julgamento-de-artigo\/","og_site_name":"ConBRepro","article_publisher":"https:\/\/www.facebook.com\/aprepro.conbrepro\/","article_modified_time":"2021-07-02T14:47:41+00:00","twitter_card":"summary_large_image","twitter_misc":{"Est. reading time":"1 minuto"},"schema":{"@context":"https:\/\/schema.org","@graph":[{"@type":"WebPage","@id":"https:\/\/aprepro.org.br\/conbrepro\/julgamento-de-artigo\/","url":"https:\/\/aprepro.org.br\/conbrepro\/julgamento-de-artigo\/","name":"Julgamento de Artigo - ConBRepro","isPartOf":{"@id":"https:\/\/aprepro.org.br\/conbrepro\/#website"},"datePublished":"2019-06-28T11:24:29+00:00","dateModified":"2021-07-02T14:47:41+00:00","breadcrumb":{"@id":"https:\/\/aprepro.org.br\/conbrepro\/julgamento-de-artigo\/#breadcrumb"},"inLanguage":"pt-BR","potentialAction":[{"@type":"ReadAction","target":["https:\/\/aprepro.org.br\/conbrepro\/julgamento-de-artigo\/"]}]},{"@type":"BreadcrumbList","@id":"https:\/\/aprepro.org.br\/conbrepro\/julgamento-de-artigo\/#breadcrumb","itemListElement":[{"@type":"ListItem","position":1,"name":"Home","item":"https:\/\/aprepro.org.br\/conbrepro\/"},{"@type":"ListItem","position":2,"name":"Julgamento de Artigo"}]},{"@type":"WebSite","@id":"https:\/\/aprepro.org.br\/conbrepro\/#website","url":"https:\/\/aprepro.org.br\/conbrepro\/","name":"ConBRepro","description":"XV Congresso Brasileiro de Engenharia de Produ\u00e7\u00e3o","publisher":{"@id":"https:\/\/aprepro.org.br\/conbrepro\/#organization"},"potentialAction":[{"@type":"SearchAction","target":{"@type":"EntryPoint","urlTemplate":"https:\/\/aprepro.org.br\/conbrepro\/?s={search_term_string}"},"query-input":{"@type":"PropertyValueSpecification","valueRequired":true,"valueName":"search_term_string"}}],"inLanguage":"pt-BR"},{"@type":"Organization","@id":"https:\/\/aprepro.org.br\/conbrepro\/#organization","name":"CONBREPRO 2022 - XII Congresso Brasileiro de Engenharia de Produ\u00e7\u00e3o - \u201cESG nas Engenharias\u201d","url":"https:\/\/aprepro.org.br\/conbrepro\/","logo":{"@type":"ImageObject","inLanguage":"pt-BR","@id":"https:\/\/aprepro.org.br\/conbrepro\/#\/schema\/logo\/image\/","url":"https:\/\/aprepro.org.br\/conbrepro\/wp-content\/uploads\/2022\/07\/XII_CONBREPRO_BANNER-3.jpg","contentUrl":"https:\/\/aprepro.org.br\/conbrepro\/wp-content\/uploads\/2022\/07\/XII_CONBREPRO_BANNER-3.jpg","width":1200,"height":533,"caption":"CONBREPRO 2022 - XII Congresso Brasileiro de Engenharia de Produ\u00e7\u00e3o - \u201cESG nas Engenharias\u201d"},"image":{"@id":"https:\/\/aprepro.org.br\/conbrepro\/#\/schema\/logo\/image\/"},"sameAs":["https:\/\/www.facebook.com\/aprepro.conbrepro\/"]}]}},"_links":{"self":[{"href":"https:\/\/aprepro.org.br\/conbrepro\/wp-json\/wp\/v2\/pages\/46","targetHints":{"allow":["GET"]}}],"collection":[{"href":"https:\/\/aprepro.org.br\/conbrepro\/wp-json\/wp\/v2\/pages"}],"about":[{"href":"https:\/\/aprepro.org.br\/conbrepro\/wp-json\/wp\/v2\/types\/page"}],"author":[{"embeddable":true,"href":"https:\/\/aprepro.org.br\/conbrepro\/wp-json\/wp\/v2\/users\/1"}],"replies":[{"embeddable":true,"href":"https:\/\/aprepro.org.br\/conbrepro\/wp-json\/wp\/v2\/comments?post=46"}],"version-history":[{"count":9,"href":"https:\/\/aprepro.org.br\/conbrepro\/wp-json\/wp\/v2\/pages\/46\/revisions"}],"predecessor-version":[{"id":1269,"href":"https:\/\/aprepro.org.br\/conbrepro\/wp-json\/wp\/v2\/pages\/46\/revisions\/1269"}],"wp:attachment":[{"href":"https:\/\/aprepro.org.br\/conbrepro\/wp-json\/wp\/v2\/media?parent=46"}],"curies":[{"name":"wp","href":"https:\/\/api.w.org\/{rel}","templated":true}]}}

<div data-elementor-type="wp-page" data-elementor-id="46" class="elementor elementor-46" data-elementor-post-type="page">
						<section class="elementor-section elementor-top-section elementor-element elementor-element-1ac198c7 elementor-section-boxed elementor-section-height-default elementor-section-height-default" data-id="1ac198c7" data-element_type="section">
						<div class="elementor-container elementor-column-gap-default">
					<div class="elementor-column elementor-col-100 elementor-top-column elementor-element elementor-element-1cee9b47" data-id="1cee9b47" data-element_type="column">
			<div class="elementor-widget-wrap elementor-element-populated">
						<div class="elementor-element elementor-element-73ac42cc elementor-widget elementor-widget-text-editor" data-id="73ac42cc" data-element_type="widget" data-widget_type="text-editor.default">
				<div class="elementor-widget-container">
									
<p>A avaliação será anônima (blind review): os trabalhos serão examinados pelo Comitê Avaliador (REVISORES AD HOC) das respectivas Áreas Temáticas. <br>
O Comitê Avaliador (REVISORES AD HOC) só terá acesso aos artigos que vai avaliar, os quais são distribuídos automaticamente pelo sistema a dois avaliadores e ao terceiro quando for o caso. Ou seja, cada trabalho sendo avaliado por no mínimo dois professores e quando o parecer for diferente (um aprovado e um reprovado) irá para um terceiro professor avaliar, sendo que nenhum professor saberá se é a primeira, segunda ou terceira avaliação, deste modo se tem o sigilo e a imparcialidade nas avaliações. <br>
Somente serão aceitos trabalhos com redação e ortografia adequadas, pois a versão enviada será definitiva. <br>
Serão aceitos trabalhos submetidos em português, inglês ou espanhol.</p>



<p>O Comitê Avaliador (REVISORES AD HOC): </p>



<ul class="wp-block-list"><li>Julgará os trabalhos de acordo com as normas pré-estabelecidas, em consonância com as áreas, critérios para elaboração e qualidade do conteúdo e pesquisa do trabalho, limitando a seleção ao número adequado para apresentação no tempo disponível no Congresso;</li><li>Não permutará trabalhos com outras Áreas Temáticas;</li><li>Julgará somente os trabalhos que cumprirem as normas de formato e prazo; </li><li>Não serão permitidas substituições de trabalhos.</li></ul>



<h3 class="wp-block-heading">Importante: </h3>



<p class="has-text-color has-background has-very-dark-gray-color has-very-light-gray-background-color"><strong><em>&#8220;A Comissão Organizadora do evento não se responsabiliza por casos onde se configure plágio. Os autores são os únicos a serem responsabilizados pela infração, podendo ser enquadrados no Código Penal em vigor, Título que trata dos Crimes Contra a Propriedade Intelectual, dispõe sobre o crime de violação de direito autoral.&#8221;</em></strong></p>
								</div>
				</div>
					</div>
		</div>
					</div>
		</section>
				</div>

<p>A avaliação será anônima (blind review): os trabalhos serão examinados pelo Comitê Avaliador (REVISORES AD HOC) das respectivas Áreas Temáticas. O Comitê Avaliador (REVISORES AD HOC) só terá acesso aos artigos que vai avaliar, os quais são distribuídos automaticamente pelo sistema a dois avaliadores e ao terceiro quando for o caso. Ou seja, cada trabalho &hellip;</p>
<p class="read-more"> <a class="" href="https://aprepro.org.br/conbrepro/julgamento-de-artigo/"> <span class="screen-reader-text">Julgamento de Artigo</span> Read More &raquo;</a></p>

<!-- This site is optimized with the Yoast SEO plugin v25.7 - https://yoast.com/wordpress/plugins/seo/ -->
<title>Julgamento de Artigo - ConBRepro</title>
<meta name="robots" content="index, follow, max-snippet:-1, max-image-preview:large, max-video-preview:-1" />
<link rel="canonical" href="https://aprepro.org.br/conbrepro/julgamento-de-artigo/" />
<meta property="og:locale" content="pt_BR" />
<meta property="og:type" content="article" />
<meta property="og:title" content="Julgamento de Artigo - ConBRepro" />
<meta property="og:description" content="A avaliação será anônima (blind review): os trabalhos serão examinados pelo Comitê Avaliador (REVISORES AD HOC) das respectivas Áreas Temáticas. O Comitê Avaliador (REVISORES AD HOC) só terá acesso aos artigos que vai avaliar, os quais são distribuídos automaticamente pelo sistema a dois avaliadores e ao terceiro quando for o caso. Ou seja, cada trabalho &hellip; Julgamento de Artigo Read More &raquo;" />
<meta property="og:url" content="https://aprepro.org.br/conbrepro/julgamento-de-artigo/" />
<meta property="og:site_name" content="ConBRepro" />
<meta property="article:publisher" content="https://www.facebook.com/aprepro.conbrepro/" />
<meta property="article:modified_time" content="2021-07-02T14:47:41+00:00" />
<meta name="twitter:card" content="summary_large_image" />
<meta name="twitter:label1" content="Est. reading time" />
	<meta name="twitter:data1" content="1 minuto" />
<script type="application/ld+json" class="yoast-schema-graph">{"@context":"https://schema.org","@graph":[{"@type":"WebPage","@id":"https://aprepro.org.br/conbrepro/julgamento-de-artigo/","url":"https://aprepro.org.br/conbrepro/julgamento-de-artigo/","name":"Julgamento de Artigo - ConBRepro","isPartOf":{"@id":"https://aprepro.org.br/conbrepro/#website"},"datePublished":"2019-06-28T11:24:29+00:00","dateModified":"2021-07-02T14:47:41+00:00","breadcrumb":{"@id":"https://aprepro.org.br/conbrepro/julgamento-de-artigo/#breadcrumb"},"inLanguage":"pt-BR","potentialAction":[{"@type":"ReadAction","target":["https://aprepro.org.br/conbrepro/julgamento-de-artigo/"]}]},{"@type":"BreadcrumbList","@id":"https://aprepro.org.br/conbrepro/julgamento-de-artigo/#breadcrumb","itemListElement":[{"@type":"ListItem","position":1,"name":"Home","item":"https://aprepro.org.br/conbrepro/"},{"@type":"ListItem","position":2,"name":"Julgamento de Artigo"}]},{"@type":"WebSite","@id":"https://aprepro.org.br/conbrepro/#website","url":"https://aprepro.org.br/conbrepro/","name":"ConBRepro","description":"XV Congresso Brasileiro de Engenharia de Produção","publisher":{"@id":"https://aprepro.org.br/conbrepro/#organization"},"potentialAction":[{"@type":"SearchAction","target":{"@type":"EntryPoint","urlTemplate":"https://aprepro.org.br/conbrepro/?s={search_term_string}"},"query-input":{"@type":"PropertyValueSpecification","valueRequired":true,"valueName":"search_term_string"}}],"inLanguage":"pt-BR"},{"@type":"Organization","@id":"https://aprepro.org.br/conbrepro/#organization","name":"CONBREPRO 2022 - XII Congresso Brasileiro de Engenharia de Produção - “ESG nas Engenharias”","url":"https://aprepro.org.br/conbrepro/","logo":{"@type":"ImageObject","inLanguage":"pt-BR","@id":"https://aprepro.org.br/conbrepro/#/schema/logo/image/","url":"https://aprepro.org.br/conbrepro/wp-content/uploads/2022/07/XII_CONBREPRO_BANNER-3.jpg","contentUrl":"https://aprepro.org.br/conbrepro/wp-content/uploads/2022/07/XII_CONBREPRO_BANNER-3.jpg","width":1200,"height":533,"caption":"CONBREPRO 2022 - XII Congresso Brasileiro de Engenharia de Produção - “ESG nas Engenharias”"},"image":{"@id":"https://aprepro.org.br/conbrepro/#/schema/logo/image/"},"sameAs":["https://www.facebook.com/aprepro.conbrepro/"]}]}</script>
<!-- / Yoast SEO plugin. -->

A avaliação será anônima (blind review): os trabalhos serão examinados pelo Comitê Avaliador (REVISORES AD HOC) das respectivas Áreas Temáticas. O Comitê Avaliador (REVISORES AD HOC) só terá acesso aos artigos que vai avaliar, os quais são distribuídos automaticamente pelo sistema a dois avaliadores e ao terceiro quando for o caso. Ou seja, cada trabalho &hellip; Julgamento de Artigo Read More &raquo;

XV Congresso Brasileiro de Engenharia de Produção

CONBREPRO 2022 - XII Congresso Brasileiro de Engenharia de Produção - “ESG nas Engenharias”
