{"id":35,"date":"2019-06-28T11:21:39","date_gmt":"2019-06-28T11:21:39","guid":{"rendered":"https:\/\/aprepro.org.br\/conbrepro\/2020\/?page_id=35"},"modified":"2021-07-02T14:44:53","modified_gmt":"2021-07-02T14:44:53","slug":"areas-tematicas","status":"publish","type":"page","link":"https:\/\/aprepro.org.br\/conbrepro\/2021\/areas-tematicas\/","title":{"rendered":"\u00c1reas Tem\u00e1ticas"},"content":{"rendered":"\t\t<div data-elementor-type=\"wp-page\" data-elementor-id=\"35\" class=\"elementor elementor-35\">\n\t\t\t\t\t\t<div class=\"elementor-inner\">\n\t\t\t\t<div class=\"elementor-section-wrap\">\n\t\t\t\t\t\t\t\t\t<section class=\"elementor-section elementor-top-section elementor-element elementor-element-14ddac42 elementor-section-boxed elementor-section-height-default elementor-section-height-default\" data-id=\"14ddac42\" data-element_type=\"section\">\n\t\t\t\t\t\t<div class=\"elementor-container elementor-column-gap-default\">\n\t\t\t\t\t\t\t<div class=\"elementor-row\">\n\t\t\t\t\t<div class=\"elementor-column elementor-col-100 elementor-top-column elementor-element elementor-element-78c43f0e\" data-id=\"78c43f0e\" data-element_type=\"column\">\n\t\t\t<div class=\"elementor-column-wrap elementor-element-populated\">\n\t\t\t\t\t\t\t<div class=\"elementor-widget-wrap\">\n\t\t\t\t\t\t<div class=\"elementor-element elementor-element-6d257fb0 elementor-widget elementor-widget-text-editor\" data-id=\"6d257fb0\" data-element_type=\"widget\" data-widget_type=\"text-editor.default\">\n\t\t\t\t<div class=\"elementor-widget-container\">\n\t\t\t\t\t\t\t\t<div class=\"elementor-text-editor elementor-clearfix\">\n\t\t\t\t<!-- wp:paragraph -->\n<p><strong>1. INICIA\u00c7\u00c3O CIENT\u00cdFICA<\/strong><\/p>\n<!-- \/wp:paragraph -->\n\n<!-- wp:paragraph -->\n<p><strong>2.ENGENHARIA DE OPERA\u00c7\u00d5ES E PROCESSOS DA PRODU\u00c7\u00c3O<\/strong><\/p>\n<!-- \/wp:paragraph -->\n\n<!-- wp:paragraph -->\n<p>2.1. Gest\u00e3o de Sistemas de Produ\u00e7\u00e3o e Opera\u00e7\u00f5es<\/p>\n<!-- \/wp:paragraph -->\n\n<!-- wp:paragraph -->\n<p>2.2. Planejamento, Programa\u00e7\u00e3o e Controle da Produ\u00e7\u00e3o<\/p>\n<!-- \/wp:paragraph -->\n\n<!-- wp:paragraph -->\n<p>2.3. Gest\u00e3o da Manuten\u00e7\u00e3o<\/p>\n<!-- \/wp:paragraph -->\n\n<!-- wp:paragraph -->\n<p>2.4. Projeto de F\u00e1brica e de Instala\u00e7\u00f5es Industriais: organiza\u00e7\u00e3o industrial, layout\/arranjo f\u00edsico<\/p>\n<!-- \/wp:paragraph -->\n\n<!-- wp:paragraph -->\n<p>2.5. Processos Produtivos Discretos e Cont\u00ednuos: procedimentos, m\u00e9todos e sequ\u00eancias<\/p>\n<!-- \/wp:paragraph -->\n\n<!-- wp:paragraph -->\n<p>2.6.&nbsp;Engenharia de M\u00e9todos<\/p>\n<!-- \/wp:paragraph -->\n\n<!-- wp:paragraph -->\n<p><strong>3. LOG\u00cdSTICA<\/strong><\/p>\n<!-- \/wp:paragraph -->\n\n<!-- wp:paragraph -->\n<p>3.1.&nbsp;Gest\u00e3o da Cadeia de Suprimentos<\/p>\n<!-- \/wp:paragraph -->\n\n<!-- wp:paragraph -->\n<p>3.2. Gest\u00e3o de Estoques<\/p>\n<!-- \/wp:paragraph -->\n\n<!-- wp:paragraph -->\n<p>3.3. Projeto e An\u00e1lise de Sistemas Log\u00edsticos<\/p>\n<!-- \/wp:paragraph -->\n\n<!-- wp:paragraph -->\n<p>3.4. Log\u00edstica Empresarial<\/p>\n<!-- \/wp:paragraph -->\n\n<!-- wp:paragraph -->\n<p>3.5. Transporte e Distribui\u00e7\u00e3o F\u00edsica<\/p>\n<!-- \/wp:paragraph -->\n\n<!-- wp:paragraph -->\n<p>3.6. Log\u00edstica Reversa<\/p>\n<!-- \/wp:paragraph -->\n\n<!-- wp:paragraph -->\n<p><strong>4. PESQUISA OPERACIONAL<\/strong><\/p>\n<!-- \/wp:paragraph -->\n\n<!-- wp:paragraph -->\n<p>4.1. Modelagem, Simula\u00e7\u00e3o e Otimiza\u00e7\u00e3o<\/p>\n<!-- \/wp:paragraph -->\n\n<!-- wp:paragraph -->\n<p>4.2. Programa\u00e7\u00e3o Matem\u00e1tica<\/p>\n<!-- \/wp:paragraph -->\n\n<!-- wp:paragraph -->\n<p>4.3. Processos Decis\u00f3rios<\/p>\n<!-- \/wp:paragraph -->\n\n<!-- wp:paragraph -->\n<p>4.4. Processos Estoc\u00e1sticos<\/p>\n<!-- \/wp:paragraph -->\n\n<!-- wp:paragraph -->\n<p>4.5. Teoria dos Jogos<\/p>\n<!-- \/wp:paragraph -->\n\n<!-- wp:paragraph -->\n<p>4.6. An\u00e1lise de Demanda<\/p>\n<!-- \/wp:paragraph -->\n\n<!-- wp:paragraph -->\n<p>4.7. Intelig\u00eancia Computacional<\/p>\n<!-- \/wp:paragraph -->\n\n<!-- wp:paragraph -->\n<p><strong>5. ENGENHARIA DA QUALIDADE<\/strong><\/p>\n<!-- \/wp:paragraph -->\n\n<!-- wp:paragraph -->\n<p>5.1. Gest\u00e3o de Sistemas da Qualidade<\/p>\n<!-- \/wp:paragraph -->\n\n<!-- wp:paragraph -->\n<p>5.2. Planejamento e Controle da Qualidade<\/p>\n<!-- \/wp:paragraph -->\n\n<!-- wp:paragraph -->\n<p>5.3. Normaliza\u00e7\u00e3o, Auditoria e Certifica\u00e7\u00e3o para a Qualidade<\/p>\n<!-- \/wp:paragraph -->\n\n<!-- wp:paragraph -->\n<p>5.4. Organiza\u00e7\u00e3o Metrol\u00f3gica da Qualidade<\/p>\n<!-- \/wp:paragraph -->\n\n<!-- wp:paragraph -->\n<p>5.5. Confiabilidade de Processos e Produtos<\/p>\n<!-- \/wp:paragraph -->\n\n<!-- wp:paragraph -->\n<p><strong>6. ENGENHARIA DO PRODUTO<\/strong><\/p>\n<!-- \/wp:paragraph -->\n\n<!-- wp:paragraph -->\n<p>6.1. Gest\u00e3o do Desenvolvimento de Produto<\/p>\n<!-- \/wp:paragraph -->\n\n<!-- wp:paragraph -->\n<p>6.2. Processo de Desenvolvimento do Produto<\/p>\n<!-- \/wp:paragraph -->\n\n<!-- wp:paragraph -->\n<p>6.3. Planejamento e Projeto do Produto<\/p>\n<!-- \/wp:paragraph -->\n\n<!-- wp:paragraph -->\n<p><strong>7. ENGENHARIA ORGANIZACIONAL<\/strong><\/p>\n<!-- \/wp:paragraph -->\n\n<!-- wp:paragraph -->\n<p>7.1. Gest\u00e3o Estrat\u00e9gica e Organizacional<\/p>\n<!-- \/wp:paragraph -->\n\n<!-- wp:paragraph -->\n<p>7.2. Gest\u00e3o de Projetos<\/p>\n<!-- \/wp:paragraph -->\n\n<!-- wp:paragraph -->\n<p>7.3. Gest\u00e3o do Desempenho Organizacional<\/p>\n<!-- \/wp:paragraph -->\n\n<!-- wp:paragraph -->\n<p>7.4. Gest\u00e3o da Informa\u00e7\u00e3o<\/p>\n<!-- \/wp:paragraph -->\n\n<!-- wp:paragraph -->\n<p>7.5. Redes de Empresas<\/p>\n<!-- \/wp:paragraph -->\n\n<!-- wp:paragraph -->\n<p>7.6. Gest\u00e3o da Inova\u00e7\u00e3o<\/p>\n<!-- \/wp:paragraph -->\n\n<!-- wp:paragraph -->\n<p>7.7. Gest\u00e3o da Tecnologia<\/p>\n<!-- \/wp:paragraph -->\n\n<!-- wp:paragraph -->\n<p>7.8. Gest\u00e3o do Conhecimento<\/p>\n<!-- \/wp:paragraph -->\n\n<!-- wp:paragraph -->\n<p><strong>8. ENGENHARIA ECON\u00d4MICA<\/strong><\/p>\n<!-- \/wp:paragraph -->\n\n<!-- wp:paragraph -->\n<p>8.1. Gest\u00e3o Econ\u00f4mica<\/p>\n<!-- \/wp:paragraph -->\n\n<!-- wp:paragraph -->\n<p>8.2. Gest\u00e3o de Custos<\/p>\n<!-- \/wp:paragraph -->\n\n<!-- wp:paragraph -->\n<p>8.3. Gest\u00e3o de Investimentos<\/p>\n<!-- \/wp:paragraph -->\n\n<!-- wp:paragraph -->\n<p>8.4. Gest\u00e3o de Riscos<\/p>\n<!-- \/wp:paragraph -->\n\n<!-- wp:paragraph -->\n<p><strong>9. ENGENHARIA DO TRABALHO<\/strong><\/p>\n<!-- \/wp:paragraph -->\n\n<!-- wp:paragraph -->\n<p>9.1. Projeto e Organiza\u00e7\u00e3o do Trabalho<\/p>\n<!-- \/wp:paragraph -->\n\n<!-- wp:paragraph -->\n<p>9.2. Ergonomia<\/p>\n<!-- \/wp:paragraph -->\n\n<!-- wp:paragraph -->\n<p>9.3. Sistemas de Gest\u00e3o de Higiene e Seguran\u00e7a do Trabalho<\/p>\n<!-- \/wp:paragraph -->\n\n<!-- wp:paragraph -->\n<p>9.4. Gest\u00e3o de Riscos de Acidentes do Trabalho<\/p>\n<!-- \/wp:paragraph -->\n\n<!-- wp:paragraph -->\n<p><strong>10. ENGENHARIA DA SUSTENTABILIDADE<\/strong><\/p>\n<!-- \/wp:paragraph -->\n\n<!-- wp:paragraph -->\n<p>10.1. Gest\u00e3o Ambiental<\/p>\n<!-- \/wp:paragraph -->\n\n<!-- wp:paragraph -->\n<p>10.2. Sistemas de Gest\u00e3o Ambiental e Certifica\u00e7\u00e3o<\/p>\n<!-- \/wp:paragraph -->\n\n<!-- wp:paragraph -->\n<p>10.3. Gest\u00e3o de Recursos Naturais e Energ\u00e9ticos<\/p>\n<!-- \/wp:paragraph -->\n\n<!-- wp:paragraph -->\n<p>10.4. Gest\u00e3o de Efluentes e Res\u00edduos Industriais<\/p>\n<!-- \/wp:paragraph -->\n\n<!-- wp:paragraph -->\n<p>10.5. Produ\u00e7\u00e3o mais Limpa e Ecoefici\u00eancia<\/p>\n<!-- \/wp:paragraph -->\n\n<!-- wp:paragraph -->\n<p>10.6. Responsabilidade Social<\/p>\n<!-- \/wp:paragraph -->\n\n<!-- wp:paragraph -->\n<p>10.7. Desenvolvimento Sustent\u00e1vel<\/p>\n<!-- \/wp:paragraph -->\n\n<!-- wp:paragraph -->\n<p><strong>11.<\/strong>&nbsp;<strong>EDUCA\u00c7\u00c3O&nbsp;EM ENGENHARIA DE PRODU\u00c7\u00c3O<\/strong><\/p>\n<!-- \/wp:paragraph -->\n\n<!-- wp:paragraph -->\n<p>11.1. Estudo da Forma\u00e7\u00e3o do Engenheiro de Produ\u00e7\u00e3o<\/p>\n<!-- \/wp:paragraph -->\n\n<!-- wp:paragraph -->\n<p>11.2. Estudo do Desenvolvimento e Aplica\u00e7\u00e3o da Pesquisa e da Extens\u00e3o em Engenharia de Produ\u00e7\u00e3o<\/p>\n<!-- \/wp:paragraph -->\n\n<!-- wp:paragraph -->\n<p>11.3. Estudo da \u00c9tica e da Pr\u00e1tica Profissional em Engenharia de Produ\u00e7\u00e3o<\/p>\n<!-- \/wp:paragraph -->\n\n<!-- wp:paragraph -->\n<p>11.4. Pr\u00e1ticas Pedag\u00f3gicas e Avalia\u00e7\u00e3o Processo de Ensino-Aprendizagem em Engenharia de Produ\u00e7\u00e3o<\/p>\n<!-- \/wp:paragraph -->\n\n<!-- wp:paragraph -->\n<p>11.5. Gest\u00e3o e Avalia\u00e7\u00e3o de Sistemas Educacionais de Cursos de Engenharia de Produ\u00e7\u00e3o<\/p>\n<!-- \/wp:paragraph -->\n\n<!-- wp:paragraph -->\n<p><strong>12. ENGENHARIA DE ALIMENTOS<\/strong><\/p>\n<!-- \/wp:paragraph -->\n\n<!-- wp:paragraph -->\n<p>12.1 Biotecnologia e bioprocessos<\/p>\n<!-- \/wp:paragraph -->\n\n<!-- wp:paragraph -->\n<p>12.2 Bioqu\u00edmica de alimentos<\/p>\n<!-- \/wp:paragraph -->\n\n<!-- wp:paragraph -->\n<p>12.3 Tecnologia de bebidas<\/p>\n<!-- \/wp:paragraph -->\n\n<!-- wp:paragraph -->\n<p>12.4 Desenvolvimento de novos produtos<\/p>\n<!-- \/wp:paragraph -->\n\n<!-- wp:paragraph -->\n<p>12.5  Seguran\u00e7a Alimentar <\/p>\n<!-- \/wp:paragraph -->\n\n<!-- wp:paragraph -->\n<p>12.6  Inova\u00e7\u00f5es nos processos industriais, log\u00edsticos e de controle de produtos de origem animal e\/ou vegetal<\/p>\n<!-- \/wp:paragraph -->\n\n<!-- wp:paragraph -->\n<p>12.7  Ci\u00eancias Sensoriais e perfil do consumidor<\/p>\n<!-- \/wp:paragraph -->\t\t\t\t\t<\/div>\n\t\t\t\t\t\t<\/div>\n\t\t\t\t<\/div>\n\t\t\t\t\t\t<\/div>\n\t\t\t\t\t<\/div>\n\t\t<\/div>\n\t\t\t\t\t\t\t\t<\/div>\n\t\t\t\t\t<\/div>\n\t\t<\/section>\n\t\t\t\t\t\t\t\t\t<\/div>\n\t\t\t<\/div>\n\t\t\t\t\t<\/div>\n\t\t","protected":false},"excerpt":{"rendered":"<p>1. INICIA\u00c7\u00c3O CIENT\u00cdFICA 2.ENGENHARIA DE OPERA\u00c7\u00d5ES E PROCESSOS DA PRODU\u00c7\u00c3O 2.1. Gest\u00e3o de Sistemas de Produ\u00e7\u00e3o e Opera\u00e7\u00f5es 2.2. Planejamento, Programa\u00e7\u00e3o e Controle da Produ\u00e7\u00e3o 2.3. Gest\u00e3o da Manuten\u00e7\u00e3o 2.4. Projeto de F\u00e1brica e de Instala\u00e7\u00f5es Industriais: organiza\u00e7\u00e3o industrial, layout\/arranjo f\u00edsico 2.5. Processos Produtivos Discretos e Cont\u00ednuos: procedimentos, m\u00e9todos e sequ\u00eancias 2.6.&nbsp;Engenharia de M\u00e9todos 3. &hellip;<\/p>\n<p class=\"read-more\"> <a class=\"\" href=\"https:\/\/aprepro.org.br\/conbrepro\/2021\/areas-tematicas\/\"> <span class=\"screen-reader-text\">\u00c1reas Tem\u00e1ticas<\/span> Read More &raquo;<\/a><\/p>\n","protected":false},"author":1,"featured_media":0,"parent":0,"menu_order":0,"comment_status":"closed","ping_status":"closed","template":"","meta":{"_mi_skip_tracking":false},"_links":{"self":[{"href":"https:\/\/aprepro.org.br\/conbrepro\/2021\/wp-json\/wp\/v2\/pages\/35"}],"collection":[{"href":"https:\/\/aprepro.org.br\/conbrepro\/2021\/wp-json\/wp\/v2\/pages"}],"about":[{"href":"https:\/\/aprepro.org.br\/conbrepro\/2021\/wp-json\/wp\/v2\/types\/page"}],"author":[{"embeddable":true,"href":"https:\/\/aprepro.org.br\/conbrepro\/2021\/wp-json\/wp\/v2\/users\/1"}],"replies":[{"embeddable":true,"href":"https:\/\/aprepro.org.br\/conbrepro\/2021\/wp-json\/wp\/v2\/comments?post=35"}],"version-history":[{"count":9,"href":"https:\/\/aprepro.org.br\/conbrepro\/2021\/wp-json\/wp\/v2\/pages\/35\/revisions"}],"predecessor-version":[{"id":1263,"href":"https:\/\/aprepro.org.br\/conbrepro\/2021\/wp-json\/wp\/v2\/pages\/35\/revisions\/1263"}],"wp:attachment":[{"href":"https:\/\/aprepro.org.br\/conbrepro\/2021\/wp-json\/wp\/v2\/media?parent=35"}],"curies":[{"name":"wp","href":"https:\/\/api.w.org\/{rel}","templated":true}]}}