{"id":45,"date":"2019-06-28T11:24:07","date_gmt":"2019-06-28T11:24:07","guid":{"rendered":"https:\/\/aprepro.org.br\/conbrepro\/2019\/?page_id=45"},"modified":"2019-11-14T19:49:51","modified_gmt":"2019-11-14T19:49:51","slug":"apresentacao-oral-modelo","status":"publish","type":"page","link":"https:\/\/aprepro.org.br\/conbrepro\/2019\/apresentacao-oral-modelo\/","title":{"rendered":"Apresenta\u00e7\u00e3o Oral &#8211; Modelo"},"content":{"rendered":"\n<p>A apresenta\u00e7\u00e3o deve ser feita em Power Point 2003 ou superior (fique atento para salvar em uma vers\u00e3o compat\u00edvel).<\/p>\n\n\n\n<p>A apresenta\u00e7\u00e3o deve ser estruturada em:<\/p>\n\n\n\n<ul><li>Introdu\u00e7\u00e3o<\/li><li>Objetivos<\/li><li>Metodologia<\/li><li>Revis\u00e3o bibliogr\u00e1fica<\/li><li>Resultados e discuss\u00e3o<\/li><li>Considera\u00e7\u00f5es finais<\/li><li>Refer\u00eancias bibliogr\u00e1ficas<\/li><\/ul>\n\n\n\n<p>Tempo: 15 minutos, sendo que 10 para apresenta\u00e7\u00e3o e 5 minutos para argui\u00e7\u00e3o, sugere-se 1 slide por minuto.<\/p>\n\n\n\n<p style=\"background-color:#08f2ea;color:#04267c\" class=\"has-text-color has-background\"><strong><a href=\"https:\/\/aprepro.org.br\/conbrepro\/2019\/wp-content\/uploads\/2019\/11\/modelo_slides-2019.pptx\">Baixe o modelo de Slides para apresenta\u00e7\u00e3o oral. CLIQUE AQUI!<\/a><\/strong><\/p>\n","protected":false},"excerpt":{"rendered":"<p>A apresenta\u00e7\u00e3o deve ser feita em Power Point 2003 ou superior (fique atento para salvar em uma vers\u00e3o compat\u00edvel). A apresenta\u00e7\u00e3o deve ser estruturada em: Introdu\u00e7\u00e3o Objetivos Metodologia Revis\u00e3o bibliogr\u00e1fica Resultados e discuss\u00e3o Considera\u00e7\u00f5es finais Refer\u00eancias bibliogr\u00e1ficas Tempo: 15 minutos, sendo que 10 para apresenta\u00e7\u00e3o e 5 minutos para argui\u00e7\u00e3o, sugere-se 1 slide por minuto. [&hellip;]<\/p>\n","protected":false},"author":1,"featured_media":0,"parent":0,"menu_order":0,"comment_status":"closed","ping_status":"closed","template":"","meta":{"_mi_skip_tracking":false},"_links":{"self":[{"href":"https:\/\/aprepro.org.br\/conbrepro\/2019\/wp-json\/wp\/v2\/pages\/45"}],"collection":[{"href":"https:\/\/aprepro.org.br\/conbrepro\/2019\/wp-json\/wp\/v2\/pages"}],"about":[{"href":"https:\/\/aprepro.org.br\/conbrepro\/2019\/wp-json\/wp\/v2\/types\/page"}],"author":[{"embeddable":true,"href":"https:\/\/aprepro.org.br\/conbrepro\/2019\/wp-json\/wp\/v2\/users\/1"}],"replies":[{"embeddable":true,"href":"https:\/\/aprepro.org.br\/conbrepro\/2019\/wp-json\/wp\/v2\/comments?post=45"}],"version-history":[{"count":3,"href":"https:\/\/aprepro.org.br\/conbrepro\/2019\/wp-json\/wp\/v2\/pages\/45\/revisions"}],"predecessor-version":[{"id":224,"href":"https:\/\/aprepro.org.br\/conbrepro\/2019\/wp-json\/wp\/v2\/pages\/45\/revisions\/224"}],"wp:attachment":[{"href":"https:\/\/aprepro.org.br\/conbrepro\/2019\/wp-json\/wp\/v2\/media?parent=45"}],"curies":[{"name":"wp","href":"https:\/\/api.w.org\/{rel}","templated":true}]}}