{"id":34,"date":"2019-06-28T11:21:56","date_gmt":"2019-06-28T11:21:56","guid":{"rendered":"https:\/\/aprepro.org.br\/conbrepro\/2019\/?page_id=34"},"modified":"2019-12-02T15:48:59","modified_gmt":"2019-12-02T15:48:59","slug":"programacao","status":"publish","type":"page","link":"https:\/\/aprepro.org.br\/conbrepro\/2019\/programacao\/","title":{"rendered":"Programa\u00e7\u00e3o"},"content":{"rendered":"\n<p style=\"color:#0008ff\" class=\"has-text-color\"><a href=\"https:\/\/aprepro.org.br\/conbrepro\/2019\/wp-content\/uploads\/2019\/12\/Programa\u00e7\u00e3o-ConBRepro-2019-v.2.pdf\">Confira a programa\u00e7\u00e3o. <\/a><strong><a href=\"https:\/\/aprepro.org.br\/conbrepro\/2019\/wp-content\/uploads\/2019\/12\/Programa\u00e7\u00e3o-ConBRepro-2019-v.2.pdf\">Clique aqui!<\/a><\/strong><\/p>\n\n\n\n<h2><strong>PALESTRANTES CONBREPRO 2019<\/strong><\/h2>\n\n\n\n<figure class=\"wp-block-image is-resized\"><img loading=\"lazy\" src=\"https:\/\/aprepro.org.br\/conbrepro\/2019\/wp-content\/uploads\/2019\/12\/Palestrante-Diogo-Rangel.png\" alt=\"\" class=\"wp-image-268\" width=\"598\" height=\"319\" srcset=\"https:\/\/aprepro.org.br\/conbrepro\/2019\/wp-content\/uploads\/2019\/12\/Palestrante-Diogo-Rangel.png 929w, https:\/\/aprepro.org.br\/conbrepro\/2019\/wp-content\/uploads\/2019\/12\/Palestrante-Diogo-Rangel-300x160.png 300w, https:\/\/aprepro.org.br\/conbrepro\/2019\/wp-content\/uploads\/2019\/12\/Palestrante-Diogo-Rangel-768x410.png 768w, https:\/\/aprepro.org.br\/conbrepro\/2019\/wp-content\/uploads\/2019\/12\/Palestrante-Diogo-Rangel-250x133.png 250w\" sizes=\"(max-width: 598px) 100vw, 598px\" \/><figcaption><strong>Palestra Magna: Paix\u00e3o Cervejeira &#8211; Cervejaria Ambev<br>Dia 04\/12 \u00e0s 11h00<br>Centro de Conviv\u00eancia UTFPR\/PG<\/strong><\/figcaption><\/figure>\n\n\n\n<figure class=\"wp-block-image is-resized\"><img loading=\"lazy\" src=\"https:\/\/aprepro.org.br\/conbrepro\/2019\/wp-content\/uploads\/2019\/12\/Palestrante-Jos\u00e9-de-Lima.png\" alt=\"\" class=\"wp-image-271\" width=\"594\" height=\"224\" srcset=\"https:\/\/aprepro.org.br\/conbrepro\/2019\/wp-content\/uploads\/2019\/12\/Palestrante-Jos\u00e9-de-Lima.png 834w, https:\/\/aprepro.org.br\/conbrepro\/2019\/wp-content\/uploads\/2019\/12\/Palestrante-Jos\u00e9-de-Lima-300x113.png 300w, https:\/\/aprepro.org.br\/conbrepro\/2019\/wp-content\/uploads\/2019\/12\/Palestrante-Jos\u00e9-de-Lima-768x290.png 768w, https:\/\/aprepro.org.br\/conbrepro\/2019\/wp-content\/uploads\/2019\/12\/Palestrante-Jos\u00e9-de-Lima-250x94.png 250w\" sizes=\"(max-width: 594px) 100vw, 594px\" \/><figcaption><strong> Palestra: Produ\u00e7\u00e3o de cerveja no Brasil. Vencendo atrav\u00e9s da qualidade<br>Dia 05\/12 \u00e0s 18h00<br>Centro de Conviv\u00eancia UTFPR\/PG <\/strong><\/figcaption><\/figure>\n","protected":false},"excerpt":{"rendered":"<p>Confira a programa\u00e7\u00e3o. Clique aqui! PALESTRANTES CONBREPRO 2019<\/p>\n","protected":false},"author":1,"featured_media":0,"parent":0,"menu_order":0,"comment_status":"closed","ping_status":"closed","template":"","meta":{"_mi_skip_tracking":false},"_links":{"self":[{"href":"https:\/\/aprepro.org.br\/conbrepro\/2019\/wp-json\/wp\/v2\/pages\/34"}],"collection":[{"href":"https:\/\/aprepro.org.br\/conbrepro\/2019\/wp-json\/wp\/v2\/pages"}],"about":[{"href":"https:\/\/aprepro.org.br\/conbrepro\/2019\/wp-json\/wp\/v2\/types\/page"}],"author":[{"embeddable":true,"href":"https:\/\/aprepro.org.br\/conbrepro\/2019\/wp-json\/wp\/v2\/users\/1"}],"replies":[{"embeddable":true,"href":"https:\/\/aprepro.org.br\/conbrepro\/2019\/wp-json\/wp\/v2\/comments?post=34"}],"version-history":[{"count":6,"href":"https:\/\/aprepro.org.br\/conbrepro\/2019\/wp-json\/wp\/v2\/pages\/34\/revisions"}],"predecessor-version":[{"id":273,"href":"https:\/\/aprepro.org.br\/conbrepro\/2019\/wp-json\/wp\/v2\/pages\/34\/revisions\/273"}],"wp:attachment":[{"href":"https:\/\/aprepro.org.br\/conbrepro\/2019\/wp-json\/wp\/v2\/media?parent=34"}],"curies":[{"name":"wp","href":"https:\/\/api.w.org\/{rel}","templated":true}]}}

Programação

<p style="color:#0008ff" class="has-text-color"><a href="https://aprepro.org.br/conbrepro/2019/wp-content/uploads/2019/12/Programação-ConBRepro-2019-v.2.pdf">Confira a programação. </a><strong><a href="https://aprepro.org.br/conbrepro/2019/wp-content/uploads/2019/12/Programação-ConBRepro-2019-v.2.pdf">Clique aqui!</a></strong></p>



<h2><strong>PALESTRANTES CONBREPRO 2019</strong></h2>



<figure class="wp-block-image is-resized"><img loading="lazy" src="https://aprepro.org.br/conbrepro/2019/wp-content/uploads/2019/12/Palestrante-Diogo-Rangel.png" alt="" class="wp-image-268" width="598" height="319" srcset="https://aprepro.org.br/conbrepro/2019/wp-content/uploads/2019/12/Palestrante-Diogo-Rangel.png 929w, https://aprepro.org.br/conbrepro/2019/wp-content/uploads/2019/12/Palestrante-Diogo-Rangel-300x160.png 300w, https://aprepro.org.br/conbrepro/2019/wp-content/uploads/2019/12/Palestrante-Diogo-Rangel-768x410.png 768w, https://aprepro.org.br/conbrepro/2019/wp-content/uploads/2019/12/Palestrante-Diogo-Rangel-250x133.png 250w" sizes="(max-width: 598px) 100vw, 598px" /><figcaption><strong>Palestra Magna: Paixão Cervejeira &#8211; Cervejaria Ambev<br>Dia 04/12 às 11h00<br>Centro de Convivência UTFPR/PG</strong></figcaption></figure>



<figure class="wp-block-image is-resized"><img loading="lazy" src="https://aprepro.org.br/conbrepro/2019/wp-content/uploads/2019/12/Palestrante-José-de-Lima.png" alt="" class="wp-image-271" width="594" height="224" srcset="https://aprepro.org.br/conbrepro/2019/wp-content/uploads/2019/12/Palestrante-José-de-Lima.png 834w, https://aprepro.org.br/conbrepro/2019/wp-content/uploads/2019/12/Palestrante-José-de-Lima-300x113.png 300w, https://aprepro.org.br/conbrepro/2019/wp-content/uploads/2019/12/Palestrante-José-de-Lima-768x290.png 768w, https://aprepro.org.br/conbrepro/2019/wp-content/uploads/2019/12/Palestrante-José-de-Lima-250x94.png 250w" sizes="(max-width: 594px) 100vw, 594px" /><figcaption><strong> Palestra: Produção de cerveja no Brasil. Vencendo através da qualidade<br>Dia 05/12 às 18h00<br>Centro de Convivência UTFPR/PG </strong></figcaption></figure>

<p>Confira a programação. Clique aqui! PALESTRANTES CONBREPRO 2019</p>
